{"id":416,"date":"2018-04-08T08:13:20","date_gmt":"2018-04-08T08:13:20","guid":{"rendered":"https:\/\/demo.afthemes.com\/elegant-magazine-pro\/?page_id=19"},"modified":"2021-06-30T09:30:13","modified_gmt":"2021-06-30T12:30:13","slug":"contacto","status":"publish","type":"page","link":"https:\/\/personaljerarquico.com.ar\/index.php\/contacto\/","title":{"rendered":"Contacto"},"content":{"rendered":"<h2>CONTACTO<\/h2>\n<h4><span style=\"font-size: 12pt;\"><strong>Sede Mendoza:<br \/>Direcci\u00f3n \u00a0sede Mendoza:<\/strong><\/span><br \/><span style=\"font-size: 12pt;\">Primitivo de la Reta 849<\/span><br \/><span style=\"font-size: 12pt;\">Ciudad de Mendoza &#8211; CP: 5500<\/span><br \/><span style=\"font-size: 12pt;\">Tel: +54 261 4 257411<\/span><br \/><a href=\"mailto:sindicato@personaljerarquico.com.ar\"><span style=\"font-size: 12pt;\">sindicato@personaljerarquico.<wbr \/>com.ar<\/span><\/a><\/h4>\n<p><iframe loading=\"lazy\" style=\"border: 0;\" src=\"https:\/\/www.google.com\/maps\/embed?pb=!1m18!1m12!1m3!1d3350.170590302431!2d-68.84042118523435!3d-32.893657680936954!2m3!1f0!2f0!3f0!3m2!1i1024!2i768!4f13.1!3m3!1m2!1s0x967e09d912e63d21%3A0xd9e47c15b1b50f2!2sAMUPPETROL%20%2F%20SIndicato%20del%20Personal%20Jerarquico%20del%20Petroleo%20de%20Cuyo!5e0!3m2!1ses-419!2sar!4v1618489799842!5m2!1ses-419!2sar\" width=\"100%\" height=\"600\" allowfullscreen=\"allowfullscreen\"><\/iframe><\/p>\n<p>\u00a0<\/p>\n<h4><strong><span style=\"font-size: 12pt;\">Sede Malarg\u00fce:<\/span><br \/><\/strong><span style=\"font-size: 12pt;\"><strong>Direcci\u00f3n Delegaci\u00f3n Malarg\u00fce:<\/strong><\/span><br \/><span style=\"font-size: 12pt;\">San Mart\u00edn Norte 2148\u00a0(entrada norte Ciudad de Malarg\u00fce) &#8211; CP: 5613<\/span><br \/><span style=\"font-size: 12pt;\">Tel: +54 261 510 9247.<\/span><br \/><a href=\"mailto:sindicato@personaljerarquico.com.ar\"><span style=\"font-size: 12pt;\">sindicato@personaljerarquico.com.ar<\/span><\/a><\/h4>\n<p><iframe loading=\"lazy\" style=\"border: 0;\" src=\"https:\/\/www.google.com\/maps\/embed?pb=!1m18!1m12!1m3!1d3248.5710357249727!2d-69.58546647890458!3d-35.49015583435147!2m3!1f0!2f0!3f0!3m2!1i1024!2i768!4f13.1!3m3!1m2!1s0x967a7f2ff9b064b3%3A0x48ddc0eef04abbe4!2sAv.%20San%20Mart%C3%ADn%202148%2C%20Malarg%C3%BCe%2C%20Mendoza!5e0!3m2!1ses-419!2sar!4v1618490162872!5m2!1ses-419!2sar\" width=\"100%\" height=\"600\" allowfullscreen=\"allowfullscreen\"><\/iframe><\/p>\n<p>\u00a0<\/p>\n\n\n<p><\/p>\n","protected":false},"excerpt":{"rendered":"<p>CONTACTO Sede Mendoza:Direcci\u00f3n \u00a0sede Mendoza:Primitivo de la Reta 849Ciudad de Mendoza &#8211; CP: 5500Tel: +54<\/p>\n","protected":false},"author":1,"featured_media":14,"parent":0,"menu_order":0,"comment_status":"closed","ping_status":"closed","template":"elementor_header_footer","meta":{"_monsterinsights_skip_tracking":false,"_monsterinsights_sitenote_active":false,"_monsterinsights_sitenote_note":"","_monsterinsights_sitenote_category":0},"_links":{"self":[{"href":"https:\/\/personaljerarquico.com.ar\/index.php\/wp-json\/wp\/v2\/pages\/416"}],"collection":[{"href":"https:\/\/personaljerarquico.com.ar\/index.php\/wp-json\/wp\/v2\/pages"}],"about":[{"href":"https:\/\/personaljerarquico.com.ar\/index.php\/wp-json\/wp\/v2\/types\/page"}],"author":[{"embeddable":true,"href":"https:\/\/personaljerarquico.com.ar\/index.php\/wp-json\/wp\/v2\/users\/1"}],"replies":[{"embeddable":true,"href":"https:\/\/personaljerarquico.com.ar\/index.php\/wp-json\/wp\/v2\/comments?post=416"}],"version-history":[{"count":10,"href":"https:\/\/personaljerarquico.com.ar\/index.php\/wp-json\/wp\/v2\/pages\/416\/revisions"}],"predecessor-version":[{"id":1307,"href":"https:\/\/personaljerarquico.com.ar\/index.php\/wp-json\/wp\/v2\/pages\/416\/revisions\/1307"}],"wp:featuredmedia":[{"embeddable":true,"href":"https:\/\/personaljerarquico.com.ar\/index.php\/wp-json\/"}],"wp:attachment":[{"href":"https:\/\/personaljerarquico.com.ar\/index.php\/wp-json\/wp\/v2\/media?parent=416"}],"curies":[{"name":"wp","href":"https:\/\/api.w.org\/{rel}","templated":true}]}}

<h2>CONTACTO</h2>
<h4><span style="font-size: 12pt;"><strong>Sede Mendoza:<br />Dirección  sede Mendoza:</strong></span><br /><span style="font-size: 12pt;">Primitivo de la Reta 849</span><br /><span style="font-size: 12pt;">Ciudad de Mendoza &#8211; CP: 5500</span><br /><span style="font-size: 12pt;">Tel: +54 261 4 257411</span><br /><a href="mailto:sindicato@personaljerarquico.com.ar"><span style="font-size: 12pt;">sindicato@personaljerarquico.<wbr />com.ar</span></a></h4>
<p><iframe loading="lazy" style="border: 0;" src="https://www.google.com/maps/embed?pb=!1m18!1m12!1m3!1d3350.170590302431!2d-68.84042118523435!3d-32.893657680936954!2m3!1f0!2f0!3f0!3m2!1i1024!2i768!4f13.1!3m3!1m2!1s0x967e09d912e63d21%3A0xd9e47c15b1b50f2!2sAMUPPETROL%20%2F%20SIndicato%20del%20Personal%20Jerarquico%20del%20Petroleo%20de%20Cuyo!5e0!3m2!1ses-419!2sar!4v1618489799842!5m2!1ses-419!2sar" width="100%" height="600" allowfullscreen="allowfullscreen"></iframe></p>
<p> </p>
<h4><strong><span style="font-size: 12pt;">Sede Malargüe:</span><br /></strong><span style="font-size: 12pt;"><strong>Dirección Delegación Malargüe:</strong></span><br /><span style="font-size: 12pt;">San Martín Norte 2148 (entrada norte Ciudad de Malargüe) &#8211; CP: 5613</span><br /><span style="font-size: 12pt;">Tel: +54 261 510 9247.</span><br /><a href="mailto:sindicato@personaljerarquico.com.ar"><span style="font-size: 12pt;">sindicato@personaljerarquico.com.ar</span></a></h4>
<p><iframe loading="lazy" style="border: 0;" src="https://www.google.com/maps/embed?pb=!1m18!1m12!1m3!1d3248.5710357249727!2d-69.58546647890458!3d-35.49015583435147!2m3!1f0!2f0!3f0!3m2!1i1024!2i768!4f13.1!3m3!1m2!1s0x967a7f2ff9b064b3%3A0x48ddc0eef04abbe4!2sAv.%20San%20Mart%C3%ADn%202148%2C%20Malarg%C3%BCe%2C%20Mendoza!5e0!3m2!1ses-419!2sar!4v1618490162872!5m2!1ses-419!2sar" width="100%" height="600" allowfullscreen="allowfullscreen"></iframe></p>
<p> </p>


<p></p>

<p>CONTACTO Sede Mendoza:Dirección  sede Mendoza:Primitivo de la Reta 849Ciudad de Mendoza &#8211; CP: 5500Tel: +54</p>
